of 408?
False
Is 700 a factor of 26724090?
False
Does 4510 divide 818289890?
True
Does 2393 divide 243185633?
False
Is 291495867 a multiple of 39?
True
Is 18829500 a multiple of 32?
False
Is 9071132 a multiple of 38?
True
Does 7 divide 96960663?
False
Does 2168 divide 102197719?
False
Is 40 a factor of 61707769?
False
Does 511 divide 505570114?
True
Does 51 divide 706732347?
True
Is 22 a factor of 880560?
False
Does 16 divide 520310960?
True
Does 291 divide 906373626?
True
Does 69 divide 1060134413?
False
Is 3100499136 a multiple of 448?
True
Does 1240 divide 470827525?
False
Does 16 divide 305374?
False
Does 5 divide 156472062?
False
Does 13 divide 70799388?
False
Is 10890080 a multiple of 29?
True
Does 8 divide 41996583?
False
Is 5025628422 a multiple of 116?
False
Does 9 divide 221773428?
True
Is 70 a factor of 605522742?
False
Does 321 divide 7842225?
False
Is 13084929 a multiple of 9?
True
Does 687 divide 1300836941?
False
Is 6186128052 a multiple of 164?
True
Is 381654912 a multiple of 7?
False
Is 604741280 a multiple of 160?
True
Is 55893509 a multiple of 275?
False
Is 25133011 a multiple of 197?
False
Does 742 divide 45858327?
False
Is 80 a factor of 396219656?
False
Is 6211861 a multiple of 7?
False
Is 2224677437 a multiple of 20?
False
Is 5430242720 a multiple of 14?
True
Is 1472 a factor of 200392192?
True
Does 7 divide 3467251515?
True
Is 294 a factor of 201199782?
True
Does 14 divide 84701806?
True
Is 2278853083 a multiple of 828?
False
Does 19 divide 792124317?
False
Does 369 divide 38245374?
True
Is 109 a factor of 49350298?
False
Does 144 divide 3952409868?
False
Is 56 a factor of 177571800?
True
Is 2494836105 a multiple of 40?
False
Is 109 a factor of 7528667103?
False
Is 79540969 a multiple of 4?
False
Is 1207385820 a multiple of 45?
True
Is 7222964 a multiple of 266?
True
Is 1721842 a multiple of 5?
False
Does 11 divide 1294282?
True
Is 16 a factor of 818307104?
True
Does 5 divide 4329360?
True
Is 87 a factor of 3330132234?
True
Does 1914 divide 100833348?
True
Is 11804220 a multiple of 180?
True
Is 3 a factor of 356381?
False
Is 18650956 a multiple of 107?
True
Is 213370880 a multiple of 9?
False
Does 4 divide 462202513?
False
Does 77 divide 170231360?
False
Is 328 a factor of 3134181145?
False
Is 472 a factor of 258311280?
False
Is 9 a factor of 12206130?
False
Does 30 divide 2334649?
False
Is 7 a factor of 9082297?
True
Is 164875464 a multiple of 19?
True
Is 84875521 a multiple of 451?
False
Does 10 divide 27775964?
False
Does 56 divide 741544272?
True
Is 1068990029 a multiple of 413?
False
Does 438 divide 5064990390?
True
Does 11 divide 410147606?
True
Is 505423839 a multiple of 687?
True
Does 9 divide 196979878?
False
Does 6 divide 6941608?
False
Does 724 divide 5238989137?
False
Is 2 a factor of 4649552?
True
Is 235 a factor of 1285905?
False
Is 20631905 a multiple of 330?
False
Is 457962308 a multiple of 354?
False
Does 294 divide 963890424?
False
Does 44 divide 350107784?
False
Is 45735966 a multiple of 397?
False
Is 19 a factor of 1353078882?
True
Is 351 a factor of 533520?
True
Does 8 divide 28147165?
False
Does 18 divide 11640906?
True
Does 80 divide 75405634?
False
Does 1794 divide 109746156?
True
Does 18 divide 325100286?
True
Is 332547048 a multiple of 72?
True
Is 74103304 a multiple of 11?
True
Does 29 divide 95818659?
False
Is 158211018 a multiple of 129?
True
Is 16612992 a multiple of 76?
True
Does 15 divide 408743192?
False
Is 4 a factor of 2820771512?
True
Is 2914124 a multiple of 4?
True
Does 422 divide 183479512?
False
Does 3 divide 26692456?
False
Does 33 divide 787477548?
True
Does 5 divide 21016780?
True
Is 173 a factor of 72604813?
True
Does 47 divide 167012667?
True
Is 709070822 a multiple of 722?
False
Is 353 a factor of 79983370?
False
Is 123515907 a multiple of 214?
False
Is 241757874 a multiple of 169?
False
Is 8 a factor of 3036488?
True
Is 66669995 a multiple of 5?
True
Is 1998094088 a multiple of 62?
True
Does 36 divide 102298284?
True
Is 6 a factor of 260653536?
True
Does 1419 divide 1816410039?
False
Is 37331608 a multiple of 8?
True
Does 5088 divide 458730107?
False
Is 573137833 a multiple of 342?
False
Is 28 a factor of 212392012?
True
Does 1584 divide 3285114624?
True
Does 419 divide 153110094?
False
Is 8238 a factor of 528022848?
True
Does 124 divide 257222304?
False
Is 24 a factor of 2045789279?
False
Is 558523444 a multiple of 840?
False
Is 112 a factor of 3023741?
False
Is 53296602 a multiple of 61?
False
Is 153177951 a multiple of 56?
False
Is 193 a factor of 37131972?
False
Is 17910345 a multiple of 15?
True
Is 280387489 a multiple of 136?
False
Is 35635392 a multiple of 1872?
True
Is 12 a factor of 1044564804?
True
Does 42 divide 10216542?
True
Is 14640977 a multiple of 38?
False
Is 588 a factor of 1453923492?
True
Does 166 divide 117107190?
True
Does 802 divide 228571604?
True
Does 242 divide 549579167?
False
Is 75471380 a multiple of 1070?
True
Does 116 divide 3544758?
False
Does 428 divide 2105888828?
True
Is 3097 a factor of 619073807?
False
Is 19856738 a multiple of 988?
False
Is 18 a factor of 2297142?
True
Does 183 divide 40348023?
True
Is 71945800 a multiple of 2395?
True
Is 691863910 a multiple of 95?
True
Is 26 a factor of 455002964?
True
Is 31963050 a multiple of 21?
True
Does 2 divide 2709594?
True
Does 16 divide 297328896?
True
Is 13 a factor of 395282569?
False
Does 45 divide 22410675?
True
Is 356620 a multiple of 1621?
True
Is 31 a factor of 7784193?
True
Is 619650 a multiple of 13?
False
Is 3255744 a multiple of 1641?
True
Is 64 a factor of 3347520?
True
Does 383 divide 915017640?
True
Does 2057 divide 132804217?
False
Is 120 a factor of 3408908430?
False
Is 631 a factor of 149325265?
False
Is 78858587 a multiple of 3?
False
Is 51505272 a multiple of 98?
True
Is 2731 a factor of 35598585?
True
Does 3828 divide 827609772?
True
Is 39 a factor of 487705062?
True
Does 1243 divide 157137574?
True
Is 144899979 a multiple of 6112?
False
Is 13 a factor of 190107190?
True
Does 2553 divide 1377262366?
False
Is 84 a factor of 22661352?
True
Does 661 divide 7891018?
True
Is 101 a factor of 114851821?
False
Is 304026619 a multiple of 10?
False
Is 105028649 a multiple of 1566?
False
Is 30652851 a multiple of 36?
False
Is 546075821 a multiple of 5?
False
Is 287824058 a multiple of 247?
False
Does 5 divide 10119705?
True
Is 9 a factor of 8041573?
False
Is 50 a factor of 4381835?
False
Is 349045461 a multiple of 2573?
True
Is 252 a factor of 70629?
False
Is 47682675 a multiple of 243?
True
Is 40 a factor of 287114458?
False
Is 337325431 a multiple of 14?
False
Does 129 divide 43312627?
False
Is 13904154 a multiple of 4?
False
Is 121447375 a multiple of 674?
False
Is 31289150 a multiple of 2156?
False
Is 1871682721 a multiple of 14?
False
Does 2494 divide 3223429?
False
Does 12 divide 96755574?
False
Is 13920205 a multiple of 331?
True
Is 64 a factor of 294520864?
False
Is 4502 a factor of 1493173838?
True
Does 38 divide 80585032?
False
Does 180 divide 3944880?
True
Is 82399750 a multiple of 50?
True
Does 371 divide 319868409?
True
Does 610 divide 745421830?
True
Is 4026 a factor of 3814590714?
True
Is 68569478 a multiple of 412?
False
Does 81 divide 86529708?
True
Is 3441 a factor of 723030127?
False
Is 311595526 a multiple of 22?
True
Is 49 a factor of 138803665?
False
Does 16 divide 1332750919?
False
Does 36 divide 7697674?
False
Is 27911323 a multiple of 913?
True
Is 24 a factor of 533000577?
False
Does 15 divide 70975950?
True
Is 4106066636 a multiple of 2107?
False
Is 162995490 a multiple of 855?
True
Is 289 a factor of 1247820489?
False
Is 13430941 a multiple of 2?
False
Does 68 divide 878277324?
True
Is 15 a factor of 121887402?
False
Is 87868270 a multiple of 49?
True
Is 2189 a factor of 292204085?
False
Is 4972 a factor of 1490874088?
True
Does 25 divide 1759683950?
True
Is 42002522 even?
True
Does 629 divide 386073148?
False
Does 22 divide 7500350?
True
Does 727 divide 118844277?
False
Is 8535428 a multiple of 86?
False
Is 4 a factor of 8506313?
False
Does 5 divide 3031924?
False
Is 1157116285 a multiple of 13?
True
Does 77 divide 313510700?
False
Is 561 a factor of 49057099?
False
Is 9 a factor of 7818327?
True
Does 283 divide 28250758?
True
Is 707825340 a multiple 